{"id":3802,"date":"2013-03-28T11:40:30","date_gmt":"2013-03-28T11:40:30","guid":{"rendered":"http:\/\/www.tvmasmagazine.com\/wp-content\/uploads\/2013\/03\/Carlos-\u00c1lvarez-nuevo-director-general-de-Cablevisi\u00f3n-3001.jpg"},"modified":"2013-03-28T11:40:30","modified_gmt":"2013-03-28T11:40:30","slug":"carlos-alvarez-nuevo-director-general-de-cablevision-300-2","status":"inherit","type":"attachment","link":"https:\/\/tvmasmagazine.com\/es\/carlos-alvarez-nuevo-director-general-de-cablevision-300-2\/","title":{"rendered":"Carlos \u00c1lvarez, nuevo director general de Cablevisi\u00f3n-300"},"author":1,"featured_media":0,"comment_status":"open","ping_status":"open","template":"","meta":[],"class_list":["post-3802","attachment","type-attachment","status-inherit","hentry"],"description":{"rendered":"<p class=\"attachment\"><a href='https:\/\/tvmasmagazine.com\/wp-content\/uploads\/2013\/03\/Carlos-\u00c1lvarez-nuevo-director-general-de-Cablevisi\u00f3n-3001.jpg'><img loading=\"lazy\" decoding=\"async\" width=\"300\" height=\"225\" src=\"https:\/\/tvmasmagazine.com\/wp-content\/uploads\/2013\/03\/Carlos-\u00c1lvarez-nuevo-director-general-de-Cablevisi\u00f3n-3001.jpg\" class=\"attachment-medium size-medium\" alt=\"\" \/><\/a><\/p>\n"},"caption":{"rendered":""},"alt_text":"","media_type":"image","mime_type":"image\/jpeg","media_details":{"width":"300","height":"225","hwstring_small":"height='96' width='128'","file":"2013\/03\/Carlos-\u00c1lvarez-nuevo-director-general-de-Cablevisi\u00f3n-3001.jpg","sizes":{"thumbnail":{"file":"Carlos-\u00c1lvarez-nuevo-director-general-de-Cablevisi\u00f3n-3001-150x150.jpg","width":"150","height":"150","source_url":"https:\/\/tvmasmagazine.com\/wp-content\/uploads\/2013\/03\/Carlos-\u00c1lvarez-nuevo-director-general-de-Cablevisi\u00f3n-3001-150x150.jpg"},"full":{"file":"Carlos-\u00c1lvarez-nuevo-director-general-de-Cablevisi\u00f3n-3001.jpg","width":300,"height":225,"mime_type":"image\/jpeg","source_url":"https:\/\/tvmasmagazine.com\/wp-content\/uploads\/2013\/03\/Carlos-\u00c1lvarez-nuevo-director-general-de-Cablevisi\u00f3n-3001.jpg"}},"image_meta":{"aperture":"0","credit":"","camera":"","caption":"","created_timestamp":"0","copyright":"","focal_length":"0","iso":"0","shutter_speed":"0","title":""}},"post":null,"source_url":"https:\/\/tvmasmagazine.com\/wp-content\/uploads\/2013\/03\/Carlos-\u00c1lvarez-nuevo-director-general-de-Cablevisi\u00f3n-3001.jpg","_links":{"self":[{"href":"https:\/\/tvmasmagazine.com\/es\/wp-json\/wp\/v2\/media\/3802","targetHints":{"allow":["GET"]}}],"collection":[{"href":"https:\/\/tvmasmagazine.com\/es\/wp-json\/wp\/v2\/media"}],"about":[{"href":"https:\/\/tvmasmagazine.com\/es\/wp-json\/wp\/v2\/types\/attachment"}],"author":[{"embeddable":true,"href":"https:\/\/tvmasmagazine.com\/es\/wp-json\/wp\/v2\/users\/1"}],"replies":[{"embeddable":true,"href":"https:\/\/tvmasmagazine.com\/es\/wp-json\/wp\/v2\/comments?post=3802"}]}}

http://www.tvmasmagazine.com/wp-content/uploads/2013/03/Carlos-Álvarez-nuevo-director-general-de-Cablevisión-3001.jpg

Carlos Álvarez, nuevo director general de Cablevisión-300

<p class="attachment"><a href='https://tvmasmagazine.com/wp-content/uploads/2013/03/Carlos-Álvarez-nuevo-director-general-de-Cablevisión-3001.jpg'><img loading="lazy" decoding="async" width="300" height="225" src="https://tvmasmagazine.com/wp-content/uploads/2013/03/Carlos-Álvarez-nuevo-director-general-de-Cablevisión-3001.jpg" class="attachment-medium size-medium" alt="" /></a></p>

2013/03/Carlos-Álvarez-nuevo-director-general-de-Cablevisión-3001.jpg

Carlos-Álvarez-nuevo-director-general-de-Cablevisión-3001-150x150.jpg

https://tvmasmagazine.com/wp-content/uploads/2013/03/Carlos-Álvarez-nuevo-director-general-de-Cablevisión-3001-150x150.jpg

Carlos-Álvarez-nuevo-director-general-de-Cablevisión-3001.jpg

https://tvmasmagazine.com/wp-content/uploads/2013/03/Carlos-Álvarez-nuevo-director-general-de-Cablevisión-3001.jpg
